?
False
Is 243031 a prime number?
True
Is 2444671 composite?
True
Is 378869 composite?
False
Is 177565233 composite?
True
Is 497179 a composite number?
True
Is 83086469 a composite number?
False
Is 1637927 prime?
True
Is 329379823 prime?
True
Is 9487633 composite?
True
Is 337397 a composite number?
False
Is 794641 prime?
True
Is 1042487 composite?
False
Is 5087969 prime?
True
Is 29119 prime?
False
Is 3413119 composite?
False
Is 615137 a composite number?
False
Is 199389527 a prime number?
True
Is 1444767 a composite number?
True
Is 16418833 a prime number?
True
Is 27929333 composite?
False
Is 26263663 prime?
True
Is 34858853 prime?
False
Is 5233799 composite?
True
Is 211 a composite number?
False
Is 6345307 a composite number?
False
Is 117249367 prime?
True
Is 63841153 composite?
False
Is 972967377 prime?
False
Is 475081 a composite number?
False
Is 8484563 a prime number?
True
Is 38836339 a prime number?
False
Is 42058571 a prime number?
False
Is 257758331 a prime number?
True
Is 30107743 prime?
True
Is 15815029 composite?
False
Is 52566331 a composite number?
True
Is 1565891 a prime number?
True
Is 79631714 composite?
True
Is 116089 a prime number?
True
Is 5963237 composite?
True
Is 3395173 a prime number?
True
Is 10271731 prime?
False
Is 60047359 a prime number?
True
Is 77130653 a composite number?
False
Is 52686607 a composite number?
True
Is 52041331 a composite number?
False
Is 14771411 a prime number?
False
Is 514499 a composite number?
False
Is 4586831 prime?
True
Is 15077101 a composite number?
True
Is 25466353 prime?
False
Is 523132745 a composite number?
True
Is 15326149 a composite number?
False
Is 365007167 prime?
False
Is 17458279 prime?
True
Is 6025889 composite?
False
Is 3803419 prime?
True
Is 73177807 composite?
False
Is 10259489 prime?
False
Is 4491163 a composite number?
True
Is 7559081 a composite number?
False
Is 534973 a composite number?
True
Is 36373247 a composite number?
False
Is 952663 a prime number?
False
Is 215250247 a prime number?
True
Is 62487501 a prime number?
False
Is 6145822 prime?
False
Is 4335371 composite?
True
Is 203804113 composite?
True
Is 274163 a composite number?
False
Is 99733789 a prime number?
False
Is 7749173 composite?
False
Is 36970307 prime?
False
Is 13427371 composite?
True
Is 10102289 prime?
True
Is 6658979 a composite number?
True
Is 154628081 composite?
True
Is 2511083 a composite number?
False
Is 729782411 a composite number?
True
Is 56758669 prime?
False
Is 10782601 composite?
False
Is 312501919 a prime number?
False
Is 4806541 composite?
False
Is 86411063 prime?
True
Is 58672837 a prime number?
False
Is 7371681 a prime number?
False
Is 149834803 prime?
False
Is 61683847 prime?
False
Is 50922353 composite?
False
Is 17048483 a prime number?
True
Is 27644977 prime?
False
Is 3029947 prime?
True
Is 4147042 prime?
False
Is 266649709 prime?
False
Is 6686137 prime?
False
Is 152101799 composite?
False
Is 353960089 a composite number?
True
Is 290400493 a prime number?
False
Is 257729 a composite number?
True
Is 20826502 a prime number?
False
Is 920361107 a composite number?
True
Is 3229901 a composite number?
False
Is 298602673 composite?
False
Is 7145377 composite?
False
Is 544555793 composite?
False
Is 4003757 a composite number?
False
Is 10266869 a prime number?
True
Is 18091231 a prime number?
False
Is 138764519 a composite number?
True
Is 153400873 prime?
True
Is 8340699 a composite number?
True
Is 145015027 a prime number?
False
Is 2012287 composite?
False
Is 4997419 composite?
True
Is 620569201 a prime number?
False
Is 473411 prime?
True
Is 2649451 a prime number?
False
Is 10225657 a prime number?
False
Is 633133 composite?
False
Is 958922 prime?
False
Is 1127198 prime?
False
Is 10852841 prime?
True
Is 1467847 a prime number?
False
Is 80964307 a composite number?
True
Is 11644285 a composite number?
True
Is 13401673 prime?
False
Is 13559981 composite?
True
Is 9714193 a composite number?
True
Is 31753105 prime?
False
Is 4196119 prime?
True
Is 371714437 prime?
True
Is 52090697 composite?
False
Is 4539781 prime?
False
Is 704315 prime?
False
Is 4929247 prime?
False
Is 837139 composite?
False
Is 11118631 a composite number?
True
Is 419691497 a composite number?
False
Is 786664223 a composite number?
False
Is 1186793 a prime number?
False
Is 14487191 composite?
True
Is 96270263 a composite number?
True
Is 727579 composite?
True
Is 126636113 a composite number?
False
Is 16942481 prime?
True
Is 10716961 prime?
False
Is 151807493 composite?
True
Is 13526738 composite?
True
Is 2729681 a composite number?
False
Is 1704793 prime?
True
Is 32887021 composite?
True
Is 7987289 composite?
False
Is 15935519 prime?
False
Is 5641819 composite?
False
Is 44692831 composite?
True
Is 16083733 composite?
False
Is 749543 prime?
True
Is 53543339 composite?
False
Is 15027703 a prime number?
True
Is 5858903 prime?
False
Is 1091837 a prime number?
True
Is 474737 prime?
True
Is 7266019 a prime number?
True
Is 115974289 a prime number?
False
Is 16673221 composite?
True
Is 5384527 a composite number?
True
Is 151649 prime?
False
Is 1227131 prime?
True
Is 52989011 a composite number?
False
Is 295278707 prime?
True
Is 146667779 a composite number?
False
Is 9639317 composite?
False
Is 10030483 a prime number?
True
Is 693943 prime?
True
Is 41654609 prime?
True
Is 11805037 composite?
True
Is 254593 composite?
False
Is 1000289242 a prime number?
False
Is 1355779 composite?
True
Is 1663217 composite?
False
Is 879874757 a prime number?
True
Is 9446761 a composite number?
True
Is 377257 a prime number?
True
Is 18270391 prime?
True
Is 467937647 a prime number?
True
Is 447941 a prime number?
False
Is 24227429 prime?
False
Is 9252889 a prime number?
False
Is 580093 prime?
True
Is 33484853 a composite number?
False
Is 74675147 a composite number?
False
Is 68790077 composite?
False
Is 3867697 a prime number?
False
Is 572903 composite?
False
Is 1115759903 a composite number?
False
Is 6347533 a prime number?
False
Is 93765907 composite?
False
Is 62606101 a prime number?
True
Is 11569963 a prime number?
False
Is 17451019 prime?
False
Is 1506317 a prime number?
True
Is 9243089 composite?
False
Is 809701 a composite number?
False
Is 1561843 a prime number?
False
Is 387495701 prime?
False
Is 162665761 prime?
True
Is 8430137 a prime number?
True
Is 178361773 composite?
True
Is 265645 composite?
True
Is 1080647 composite?
False
Is 1588809 composite?
True
Is 65010203 a prime number?
True
Is 20596997 prime?
True
Is 39332939 prime?
True
Is 22480501 prime?
True
Is 1819819 a composite number?
False
Is 23376329 prime?
False
Is 11129891 prime?
False
Is 727561 prime?
True
Is 29295085 a composite number?
True
Is 1882345 a composite number?
True
Is 194951 prime?
False
Is 5332211 a prime number?
True
Is 21673961 a prime number?
True
Is 15832651 composite?
False
Is 192893 prime?
False
Is 12545942 a prime number?
False
Is 825131 a prime number?
True
Is 65339017 composite?
False
Is 207643061 composite?
False
Is 466387871 a composite number?
True
Is 77641 a prime number?
True
Is 2738599 prime?
True
Is 3292873 prime?
True
Is 31594933 a composite number?
True
Is 6419633 prime?
False
Is 835950499 a prime number?
True
Is 122365151 a composite number?
False
Is 254943731 a prime number?
False
Is 4280002 a composite number?
True
Is 5870105 a prime number?
False
Is 4567907 prime?
True
Is 1206269 composite?
True
Is 9607433 prime?
False
Is 45637481 a composite number?
False
Is 45830693 composite?
False
Is 8409671 prime?
True
Is 17801779 a composite number?
False
Is 132584891 a prime number?
True
Is 737781367 a prime number?
True
Is 2561593 prime?
True
Is 6553289 a prime number?
False
Is 2773293 a composite number?
True
Is 46399989 a composite number?
True
Is 3649741 composite?
False
Is 5861539 a prime number?
True
Is 1390241 a composite number?
False
Is 11371597 composite?
True
Is 159705113 prime?
False
Is 2758903 composite?
True
Is 474343 a composite number?
False
Is 1233301 composite?
False
Is 5742299 composite?
True
Is 14666387 composite?
True
Is 1134809 a composite number?
True
Is 131176601 composite?
False
Is 1859243 a prime number?
True
Is 25867 a composite number?
False
Is 74332589 a prime number?
True
Is 898928183 a composite number?
False
Is 597146883 c